base 4) to base 13
10
What is -7 (base 15) in base 6?
-11
What is 1100 (base 2) in base 9?
13
What is -100 (base 8) in base 15?
-44
What is 25 (base 14) in base 13?
27
Convert 5 (base 15) to base 6.
5
Convert 110 (base 2) to base 3.
20
Convert -12 (base 3) to base 10.
-5
b (base 15) to base 7
14
-3 (base 13) to base 9
-3
What is -100 (base 3) in base 6?
-13
-37 (base 12) to base 3
-1121
Convert 12 (base 3) to base 8.
5
What is 27 (base 14) in base 3?
1022
-7 (base 11) to base 4
-13
3 (base 10) to base 7
3
Convert -1 (base 14) to base 10.
-1
Convert -30 (base 11) to base 13.
-27
What is -130 (base 8) in base 5?
-323
What is 129 (base 12) in base 7?
342
-29 (base 13) to base 7
-50
What is 20 (base 4) in base 15?
8
Convert 65 (base 10) to base 14.
49
a2 (base 14) to base 9
167
Convert 22 (base 11) to base 4.
120
Convert 10b (base 12) to base 16.
9b
Convert 19 (base 14) to base 9.
25
What is 0 (base 14) in base 2?
0
13 (base 7) to base 13
a
What is -3 (base 10) in base 3?
-10
-2 (base 9) to base 8
-2
105 (base 8) to base 5
234
-420 (base 10) to base 9
-516
What is 0 (base 2) in base 8?
0
Convert 2 (base 3) to base 9.
2
What is 269 (base 12) in base 7?
1035
What is 3 (base 6) in base 10?
3
-14 (base 7) to base 13
-b
What is -11 (base 2) in base 4?
-3
What is 10 (base 3) in base 8?
3
Convert 0 (base 3) to base 4.
0
What is -4 (base 10) in base 12?
-4
Convert 3 (base 9) to base 12.
3
-3 (base 14) to base 7
-3
What is 68 (base 11) in base 13?
59
-3 (base 5) to base 9
-3
-30 (base 15) to base 12
-39
-1 (base 14) to base 10
-1
Convert -16 (base 8) to base 9.
-15
-5 (base 15) to base 2
-101
Convert -22 (base 7) to base 14.
-12
Convert -c9 (base 13) to base 7.
-324
5 (base 7) to base 14
5
Convert 4 (base 6) to base 11.
4
What is 531 (base 6) in base 15?
d4
-1 (base 2) to base 10
-1
What is -31 (base 12) in base 3?
-1101
Convert -1 (base 9) to base 10.
-1
Convert -110 (base 3) to base 14.
-c
Convert 7 (base 13) to base 10.
7
What is 5 (base 9) in base 13?
5
121 (base 4) to base 13
1c
What is 35 (base 8) in base 2?
11101
Convert 16 (base 10) to base 7.
22
0 (base 9) to base 2
0
0 (base 11) to base 10
0
What is -500 (base 7) in base 14?
-137
Convert 1 (base 16) to base 3.
1
Convert -2 (base 3) to base 15.
-2
What is -15 (base 10) in base 15?
-10
What is -78 (base 12) in base 2?
-1011100
Convert -24 (base 12) to base 14.
-20
10 (base 15) to base 6
23
3 (base 12) to base 8
3
Convert 2 (base 14) to base 11.
2
Convert -33 (base 16) to base 4.
-303
322 (base 4) to base 13
46
What is 102 (base 4) in base 9?
20
-20 (base 9) to base 6
-30
What is -2 (base 5) in base 14?
-2
Convert -167 (base 9) to base 11.
-11a
3 (base 8) to base 6
3
-4 (base 6) to base 3
-11
-100001000 (base 2) to base 3
-100210
7a (base 12) to base 11
86
20b (base 12) to base 7
605
204 (base 6) to base 8
114
Convert -253 (base 11) to base 15.
-150
What is 343 (base 5) in base 11?
8a
What is -12 (base 12) in base 11?
-13
What is -110 (base 2) in base 4?
-12
210 (base 3) to base 13
18
Convert a (base 14) to base 8.
12
Convert 2 (base 3) to base 8.
2
What is -31 (base 5) in base 2?
-10000
-d (base 15) to base 9
-14
3 (base 15) to base 4
3
What is 1 (base 14) in base 7?
1
98 (base 16) to base 9
178
What is -1 (base 10) in base 9?
-1
Convert -4 (base 6) to base 5.
-4
Convert 2 (base 9) to base 7.
2
Convert 7 (base 9) to base 3.
21
Convert -121 (base 3) to base 16.
-10
-75 (base 9) to base 10
-68
What is -100 (base 2) in base 11?
-4
Convert 1110 (base 7) to base 4.
12033
121 (base 6) to base 11
45
-b3 (base 12) to base 3
-12000
What is -116 (base 9) in base 7?
-165
What is ce (base 16) in base 8?
316
Convert 1b (base 16) to base 8.
33
Convert -2 (base 16) to base 15.
-2
Convert -212 (base 5) to base 3.
-2010
Convert 1 (base 9) to base 14.
1
What is -89 (base 12) in base 13?
-81
What is 16 (base 16) in base 8?
26
1d (base 14) to base 2
11011
What is -136 (base 7) in base 11?
-6a
What is 121 (base 5) in base 11?
33
1 (base 15) to base 14
1
Convert -33 (base 5) to base 9.
-20
What is 1 (base 5) in base 6?
1
15 (base 12) to base 3
122
Convert -8f (base 16) to base 15.
-98
What is 103 (base 10) in base 11?
94
Convert 72 (base 8) to base 14.
42
Convert -1b0 (base 15) to base 12.
-286
What is 3 (base 8) in base 12?
3
What is 5 (base 6) in base 10?
5
Convert 2 (base 10) to base 15.
2
-100 (base 2) to base 11
-4
-18e (base 16) to base 13
-248
21 (base 3) to base 9
7
Convert -334 (base 6) to base 3.
-11211
What is -15 (base 7) in base 16?
-c
Convert -1 (base 12) to base 10.
-1
What is 0 (base 12) in base 10?
0
-163 (base 10) to base 5
-1123
-4 (base 10) to base 3
-11
What is 64 (base 16) in base 11?
91
4 (base 14) to base 15
4
0 (base 4) to base 10
0
28 (base 15) to base 8
46
What is -6 (base 8) in base 2?
-110
What is -27 (base 12) in base 3?
-1011
-2 (base 6) to base 16
-2
What is -42 (base 7) in base 3?
-1010
What is -3 (base 8) in base 7?
-3
10 (base 9) to base 4
21
-21 (base 4) to base 15
-9
What is 2 (base 8) in base 11?
2
Convert -111 (base 9) to base 4.
-1123
10 (base 11) to base 15
b
What is -225 (base 8) in base 2?
-10010101
-1 (base 2) to base 5
-1
What is 36 (base 12) in base 2?
101010
What is 320 (base 8) in base 10?
208
What is 5 (base 8) in base 3?
12
a4 (base 11) to base 13
8a
Convert -20 (base 12) to base 8.
-30
What is 6 (base 7) in base 9?
6
What is -5 (base 14) in base 12?
-5
7 (base 16) to base 3
21
Convert 111 (base 4) to base 14.
17
-14 (base 7) to base 9
-12
What is 212 (base 8) in base 6?
350
What is 72 (base 8) in base 14?
42
What is 12 (base 3) in base 10?
5
Convert 49 (base 11) to base 6.
125
Convert -4 (base 5) to base 16.
-4
Convert -1001 (base 6) to base 7.
-430
Convert 7b (base 12) to base 8.
137
-4d (base 14) to base 12
-59
Convert -111 (base 5) to base 14.
-23
What is cc (base 16) in base 2?
11001100
15 (base 6) to base 12
b
100 (base 2) to base 16
4
-12 (base 3) to base 6
-5
3 (base 10) to base 6
3
Convert -112 (base 3) to base 13.
-11
What is -d (base 16) in base 8?
-15
Convert -11 (base 11) to base 9.
-13
Convert -40 (base 12) to base 3.
-1210
Convert 5 (base 6) to base 12.
5
-103 (base 4) to base 14
-15
What is 2 (base 14) in base 5?
2
Convert 1112 (base 3) to base 8.
51
Convert 24 (base 13) to base 12.
26
5 (base 6) to base 8
5
What is -2 (base 16) in base 14?
-2
-12 (base 9) to base 5
-21
Convert db (base 14) to base 7.
364
Convert a1 (base 16) to base 7.
320
322 (base 5) to base 16
57
-2 (base 7) to base 3
-2
-4 (base 8) to base 10
-4
1342 (base 5) to base 2
11011110
Convert 1211 (base 3) to base 13.
3a
What is -46 (base 9) in base 13?
-33
What is 10010 (base 2) in base 6?
30
Convert 6 (base 11) to base 7.
6
What is -114 (base 10) in base 5?
-424
Convert -2 (base 13) to base 4.
-2
-100011 (base 2) to base 10
-35
26 (base 12) to base 11
28
What is -10 (base 6) in base 13?
-6
Convert -b (base 15) to base 12.
-b
Convert 5 (base 16) to base 7.
5
-101 (base 5) to base 9
-28
-5a (base 12) to base 15
-4a
Convert 430 (base 6) to base 7.
321
What is -10 (base 15) in base 6?
-23
Convert 3 (base 14) to base 6.
3
Convert -134 (base 6) to base 9.
-64
32 (base 11) to base 9
38
Convert 137 (base 10) to base 2.
10001001
What is -38 (base 10) in base 8?
-46
Convert 123 (base 13) to base 5.
1243
Convert -10 (base 2) to base 7.
-2
Convert 31 (base 8) to base 11.
23
Convert 0 (base 16) to base 12.
0
Convert 21 (base 9) to base 6.
31
Convert 33 (base 12) to base 3.
1110
What is 3 (base 6) in base 14?
3
What is 1 (base 13) in base 8?
1
What is 12 (base 5) in base 3?
21
What is -2 (base 3) in base 4?
-2
Convert 111200 (base 3) to base 16.
171
What is 50 (base 6) in base 9?
33
What is 145 (base 8) in base 12?
85
23 (base 7) to base 6
25
3 (base 14) to base 4
3
What is 79 (base 12) in base 16?
5d
What is -27 (base 9) in base 5?
-100
What is -100011001 (base 2) in base 5?
-2111
Convert -339 (base 10) to base 14.
-1a3
Convert -102202 (base 3) to base 4.
-10331
Convert -1110 (base 2) to base 5.
-24
Convert 10 (base 2) to base 9.
2
What is 11 (base 4) in base 16?
5
Convert -17 (base 10) to base 12.
-15
Convert 0 (base 13) to base 3.
0
Convert -100022 (base 3) to base 7.
-506
-1101 (base 2) to base 13
-10
18 (base 14) to base 6
34
2020 (base 3) to base 12
50
Convert -45 (base 8) to base 15.
-27
-1